
In base 3, what is 10 + -120210?
-120200
In base 9, what is -4 + -153?
-157
In base 14, what is -3 + 25?
22
In base 2, what is 10 + -11111?
-11101
In base 11, what is 1 - -112?
113
In base 7, what is 25151 + 4?
25155
In base 10, what is -14 + -5?
-19
In base 6, what is 5 - 3503?
-3454
In base 2, what is 10 - -101110?
110000
In base 2, what is -11 - 10011100?
-10011111
In base 7, what is -3 + -222?
-225
In base 5, what is 1114 - 312?
302
In base 16, what is -1f + 1aa?
18b
In base 10, what is 3 - -90?
93
In base 14, what is 4 + 1b6?
1ba
In base 4, what is -3 + -213?
-222
In base 3, what is 0 + 2111?
2111
In base 13, what is -403 - 5?
-408
In base 7, what is 0 - -5?
5
In base 5, what is 10 - 324?
-314
In base 14, what is ca - 21?
a9
In base 14, what is -5 + 3398?
3393
In base 6, what is 2 + 53?
55
In base 6, what is -3 - -232?
225
In base 3, what is -10002 + -12?
-10021
In base 11, what is 11 - -16?
27
In base 13, what is 1a2 + 3?
1a5
In base 3, what is 1000210 - 11?
1000122
In base 10, what is 22 + 351?
373
In base 5, what is -102 + 40?
-12
In base 13, what is 133 - 2?
131
In base 14, what is 93c - c?
930
In base 2, what is -10111 - 1011100?
-1110011
In base 12, what is -2b + 11?
-1a
In base 4, what is 10 - 202?
-132
In base 10, what is 4 - 65?
-61
In base 10, what is -4 + -5?
-9
In base 10, what is -136 + -2?
-138
In base 5, what is 4 - -10300?
10304
In base 6, what is -5 + 102?
53
In base 5, what is 44 - 1333?
-1234
In base 4, what is 21012 + -3?
21003
In base 10, what is 1 - 285?
-284
In base 2, what is -10000100 - 101?
-10001001
In base 9, what is 2287 - 0?
2287
In base 4, what is -11 - -1103201?
1103130
In base 15, what is 66 + 4?
6a
In base 3, what is -11 + -20211?
-20222
In base 11, what is -875 - -2?
-873
In base 16, what is 4a - 21?
29
In base 15, what is 3 - a3?
-a0
In base 8, what is -1 - -435?
434
In base 11, what is 4a8 - -2?
4aa
In base 12, what is -4 + 170?
168
In base 16, what is 2 - a2?
-a0
In base 6, what is -2350 + 2?
-2344
In base 5, what is 1 + 1143?
1144
In base 3, what is 2011020 - -2?
2011022
In base 10, what is -93 + 1?
-92
In base 8, what is -4447 + -4?
-4453
In base 2, what is -111111111000 + -1?
-111111111001
In base 7, what is 1256 + 3?
1262
In base 8, what is -707 + -11?
-720
In base 5, what is -20 + -1303?
-1323
In base 3, what is 11112 - -210?
12022
In base 12, what is 2 + 707?
709
In base 3, what is 2122211 + 10?
2122221
In base 6, what is 0 + -140?
-140
In base 6, what is -40 + -31?
-111
In base 13, what is 21 + 8?
29
In base 7, what is 165 - 2?
163
In base 10, what is -1 + -34?
-35
In base 9, what is 5 - 576?
-571
In base 3, what is 2 + -1011110?
-1011101
In base 9, what is -8 + -405?
-414
In base 13, what is -13 - -836?
823
In base 3, what is 11122 + 11?
11210
In base 3, what is 1 - 0?
1
In base 3, what is 20 - 1020?
-1000
In base 4, what is 103303 + -31?
103212
In base 9, what is -116 + 4?
-112
In base 10, what is 18291 + 3?
18294
In base 13, what is 5 - -46?
4b
In base 9, what is 126 - 8?
117
In base 5, what is 1 - 303?
-302
In base 14, what is 191 + -2?
18d
In base 5, what is -343 + 10?
-333
In base 3, what is -211000 + -12?
-211012
In base 3, what is 211212 + -11?
211201
In base 6, what is -100155 + -5?
-100204
In base 9, what is 0 - -31?
31
In base 11, what is 3 + 11?
14
In base 10, what is -239 - -2?
-237
In base 13, what is 0 - -275?
275
In base 4, what is 10 + 3?
13
In base 7, what is -1136 + 2?
-1134
In base 15, what is -361 - 3?
-364
In base 14, what is -2 - 13bb?
-13bd
In base 15, what is -3 - -e9?
e6
In base 8, what is -324 + 60?
-244
In base 9, what is 61 + -1?
60
In base 13, what is 0 - -23?
23
In base 16, what is 5 - -eec?
ef1
In base 4, what is -13 + -12?
-31
In base 10, what is 6 + -360?
-354
In base 5, what is -22020 - -3?
-22012
In base 16, what is -3 - 605?
-608
In base 8, what is 460 + 15?
475
In base 16, what is 1 - -358?
359
In base 13, what is -3 - 123?
-126
In base 4, what is 12033 - 23?
12010
In base 13, what is -85 - -28?
-5a
In base 3, what is -201 - 11?
-212
In base 6, what is -145 - 11?
-200
In base 10, what is -12 + 257?
245
In base 3, what is -1 - -10102?
10101
In base 3, what is 1 + -12221002?
-12221001
In base 7, what is 10366 + -5?
10361
In base 10, what is -187 - 0?
-187
In base 16, what is -14 - -75?
61
In base 13, what is 15 - -171?
186
In base 8, what is -2 + 0?
-2
In base 12, what is 12 - 368?
-356
In base 8, what is -2362 + 3?
-2357
In base 9, what is -5 + -71?
-76
In base 16, what is -49 - -f?
-3a
In base 6, what is -10214 + -13?
-10231
In base 3, what is -10 - -2021?
2011
In base 8, what is -4 + 253?
247
In base 11, what is 122 - 5?
118
In base 14, what is 2c + 7?
35
In base 13, what is 8 - -669?
674
In base 16, what is 1 - 30?
-2f
In base 7, what is -2 + 36?
34
In base 9, what is 6 + 45?
52
In base 5, what is -34 + 10?
-24
In base 6, what is 510 - 10?
500
In base 6, what is -4 + 1514?
1510
In base 3, what is -20 + 100111?
100021
In base 9, what is 6257 + 4?
6262
In base 5, what is 1 - -1004?
1010
In base 12, what is -504 + -8?
-510
In base 13, what is -2 - 3c?
-41
In base 5, what is -204 + -10?
-214
In base 2, what is 1001 - -1011010?
1100011
In base 14, what is -3 + -112?
-115
In base 11, what is 101 + 44?
145
In base 5, what is 2031 + -414?
1112
In base 13, what is -2 - -27?
25
In base 16, what is -1 - 1ba?
-1bb
In base 9, what is 144 + -32?
112
In base 16, what is -91 - 1?
-92
In base 4, what is 1 - -223?
230
In base 11, what is 163 + 3?
166
In base 5, what is 132201 + -10?
132141
In base 3, what is 1000 - -120?
1120
In base 4, what is 2 - -3222?
3230
In base 13, what is 4 + -151?
-14a
In base 4, what is 13031 + -20?
13011
In base 6, what is 4 + 3?
11
In base 10, what is 2697 - -9?
2706
In base 3, what is -1110 - 111?
-1221
In base 16, what is 97 + -1d?
7a
In base 16, what is 2 + -ba?
-b8
In base 6, what is 1 + -355?
-354
In base 9, what is 53720 + 3?
53723
In base 12, what is -24 + -22?
-46
In base 16, what is 4 + -184?
-180
In base 10, what is -4 - 25?
-29
In base 10, what is -9 - 22?
-31
In base 10, what is -72 + -7?
-79
In base 12, what is -32 + 4a?
18
In base 11, what is 0 + 140?
140
In base 7, what is 1 - -10124?
10125
In base 15, what is -17 + 18d?
176
In base 13, what is -2 - 1b?
-20
In base 3, what is -22 + 100?
1
In base 16, what is 70a3 + 4?
70a7
In base 13, what is 2 - -b48?
b4a
In base 9, what is -630 - 5?
-635
In base 15, what is -3 + -606?
-609
In base 5, what is 1 - 2012?
-2011
In base 13, what is 0 + 7a8?
7a8
In base 7, what is 5 + 1052?
1060
In base 8, what is -3 - 420?
-423
In base 3, what is 10121011 + 12?
10121100
In base 3, what is 102202 + 122?
110101
In base 12, what is -3 - 35?
-38
In base 2, what is -100011010101 + 100?
-100011010001
In base 4, what is 10 - -10?
20
In base 16, what is 5 - -24e?
253
In base 2, what is 111000010110 + -100?
111000010010
In base 6, what is 4 - -332?
340
In base 8, what is 34 + 7?
43
In base 6, what is 1034 + -41?
553
In base 4, what is -1 - 330?
-331
In base 12, what is -43 + -65?
-a8
In base 11, what is -2 - -11?
a
In base 3, what is -22 + 102?
10
In base 7, what is 6 - -5?
14
In base 13, what is 34 + -34?
0
In base 4, what is 2 + -11?
-3
In base 10, what is 11069 - 3?
11066
In base 15, what is -ed + 7?
-e6
In base 15, what is 0 + -404?
-404
In base 16, what is 4 - 4f?
-4b
In base 12, what is 4 - 805?
-801
In base 10, what is 0 + 1094?
1094
In base 2, what is -10011 + -1101110111?
-1110001010
In base 16, what is 1 - -42?
43
In base 7, what is 4 + 5646?
5653
In base 2, what is -1100 + 1011001110?
1011000010
In base 5, what is 233 - 14?
214
In base 15, what is -2a - -b?
-1e
In base 14, what is 1 + -14?
-13
In base 11, what is -1 + 559?
558
In base 7, what is 0 + -21?
-21
In base 10, what is 14 + -112?
-98
In base 8, what is 1310 - 7?
1301
In base 15, what is -5 + a?
5
In base 15, what is 7a + -13a?
-b0
In base 2, what is -11 + -101100?
-101111
In base 9, what is -1454 - 5?
-1460
In base 16, what is -a27 + -9?
-a30
In base 7, what is -1 + -1460?
-1461
In base 4, what is 1 - -1332?
1333
In base 14, what is 5 - 25?
-20
In base 4, what is -33 - 23011?
-23110
In base 14, what is -20 + b?
-13
In base 13, what is -652 + -2?
-654
In base 7, what is 1 - 45?
-44
In base 9, what is 236 - 3?
233
In base 2, what is -